 i + (-11)/(22/8). Suppose -z + 77 = -s. What is the units digit of z?
6
Let l(g) = 662*g - 561. What is the hundreds digit of l(23)?
6
Let n(a) = 15*a**2 - 6*a - 1. Let p be n(3). Suppose -5*v + 3*o + 76 = 0, -o - 28 = 5*v - p. What is the units digit of (2 - -4)*v/2?
1
Suppose -a = 27*a - 14504. What is the tens digit of a?
1
Let l be (4/7)/2 + (-1260)/(-49). Let p(r) = r**2 - 19*r + 97. What is the hundreds digit of p(l)?
2
Let z = -83 + 80. Let i be (-15)/(-9)*z/(-1). Suppose 120 = i*f - x, -2*x + 4*x + 65 = 3*f. What is the units digit of f?
5
Suppose 5*h - 1535 = 4*c, -5*c = -3*c - h + 769. What is the tens digit of ((-11)/(c/10))/((-3)/(-3171))?
0
Let x(c) = -6 - 189*c - 272*c + 0 - 1. What is the tens digit of x(-1)?
5
Let v be ((-80)/48)/(10/(-12)). Suppose -5*r - 3*g + 1691 = 0, g = -3*r + v*r + 337. What is the hundreds digit of r?
3
Let v = 20 - 32. Let s be v/2 - (-30)/10. What is the units digit of s + -4 + 60*1?
3
Let t = -24 - -27. Suppose t*u - 11 = 16. Suppose u*m - 61 = 8*m. What is the units digit of m?
1
Let p = -12094 - -14747. What is the units digit of p?
3
Let g = -47389 + 75013. What is the tens digit of g?
2
What is the ten thousands digit of 772211/(-55)*-2 + 3 + (-72)/30?
2
Let y be -2 + 1 + (-1)/(-1)*-20. Let b be (2 - y/15) + 2/(-5). What is the tens digit of (4/(-5))/((9/(-240))/b)?
6
Let j(w) = 7*w**2 - 6*w - 3. Let d be j(-2). Suppose d*g + 18 = 34*g. What is the units digit of -1 - -9 - (-1 - (g - -2))?
5
Let z be -267 + 12/(12/(-3)). Let h = -183 - z. Let c = -47 + h. What is the tens digit of c?
4
Let h(d) = 5*d**3 + 8*d**2 - 39*d + 263. What is the units digit of h(12)?
7
Let a = 2844 + -2840. Let f = -801 - -1746. Suppose -r = a*r - f. What is the units digit of r?
9
Suppose 51*x = -121*x + 1202624. What is the units digit of x?
2
Let v be 1*(6 + 1 + -3). Let r(j) = -4 + 5 + 2 - v - 130*j**3 - 2*j. What is the hundreds digit of r(-1)?
1
Suppose 0 = 4*i + 5*k - 17225 - 202, 0 = 5*i + 4*k - 21795. What is the units digit of i?
3
Let r = 102552 + -71319. What is the ten thousands digit of r?
3
Let r(y) = 33*y - 2 + 2 - 9*y - 16*y. Let n be 6/(-9*4/(-48)). What is the units digit of r(n)?
4
Suppose 3*r + 5731 = 3*a + 2005, 0 = -a - 4*r + 1262. Suppose -n - 4*k = -601, -2*k + a = 2*n - 5*k. What is the tens digit of n?
1
Let s be -15*((-14)/84 + (-1)/6). What is the units digit of -2 + 8/s + 43128/45?
8
Let k = -181 - -181. What is the units digit of (0 - k) + -6 - -181?
5
Suppose 0 = 5*v - 1185 + 465. Let d = 132 - 214. Let q = d + v. What is the units digit of q?
2
Let q = -3037 + 4372. What is the units digit of -5 + (-3 - 4) + q?
3
Let w be ((-40)/(-35) + -2)*(-14)/3. Suppose -w*n - 32 = -24. What is the tens digit of (n/4)/(7/(-182))?
1
Let w(l) = 2*l**2 + 44*l - 591. What is the tens digit of w(-77)?
7
Suppose 23*y = 6*y + 3689. Suppose y + 95 = 2*j. What is the hundreds digit of j?
1
Let u(d) be the first derivative of 28*d**3/3 - 3*d**2 - 5*d - 2. Let f be 0 + 116/(-12) + 9 + 8/(-6). What is the units digit of u(f)?
9
Suppose 4*x + 4072 = 8*x. Let i = -592 + x. Suppose -5*p + i = 3*o, -3*p + o - 84 = -4*p. What is the units digit of p?
7
Let j be (81/18)/((-2)/(-4)). Let k be ((-21)/j)/(2/(-6)). Let z(h) = -h**3 + 9*h**2 + 8*h - 7. What is the tens digit of z(k)?
4
Let w(k) = -556*k - 1190. What is the thousands digit of w(-30)?
5
Let i = -39 + 39. Suppose i = 3*v - 0*v + 6. What is the units digit of 4*((7 - -1) + v)?
4
Let n = 14433 + -5197. What is the thousands digit of n?
9
Let k(q) = 5*q**2 + 3*q - 1. Let v be k(1). Suppose -3*p + 4*o = v, -4*p - 4*o + 0*o = 0. What is the tens digit of 41/2 - ((-3)/(-6))/p?
2
Suppose 3*x = -70 - 59. Let j = x - -36. Let r = j + 20. What is the units digit of r?
3
Suppose -6*i - 107508 + 210519 = -124281. What is the units digit of i?
2
Suppose -6*o - 26 = -44. Suppose o*v - 10 = -2*v. Suppose 2*n - 6*n = -3*i + 190, 4*n = v*i - 128. What is the units digit of i?
2
Suppose 22 = -5*x - 3*c, 5 = -4*c - 11. Let m be -91 - (-2)/((-4)/x). What is the units digit of 4 - m - (-2 - 0)?
6
Suppose 4*q + 4*o = 167628, -41919 = -q - 5*o + 8*o. What is the tens digit of q?
1
Let c(p) = 256*p**3 + 3*p**2 + 6*p + 3. Let i be c(-1). Let u = 1703 + i. What is the hundreds digit of u?
4
Let r be 0*(0 + (-5 - -6)). Suppose r = -3*q - 5*a + 1297, -5*q - a + 3*a + 2141 = 0. Suppose q = 21*p - 18*p. What is the tens digit of p?
4
Let u(a) = -a**2 + 4*a + 9. Let v be u(5). Suppose i + v*t = -1494, i = -0*i - 2*t - 1502. What is the units digit of 4/(-26) + i/(-13)?
6
Suppose -4*p = -2663 - 4341. Let k = p - 821. What is the hundreds digit of k?
9
Suppose -4 + 6 = 2*l. Let a(s) = -44*s - 363. Let x be a(-8). What is the hundreds digit of (-11598)/(-54) + (x/(-9) - l)?
2
Let z(n) = 5*n**2 - 56*n - 901. What is the hundreds digit of z(-40)?
3
Suppose -p = 5*f - 2*p - 14862, 5940 = 2*f + 2*p. What is the units digit of f?
2
Suppose 110*b = 57716 + 120924. What is the thousands digit of b?
1
Let u = -71557 + 100985. What is the tens digit of u?
2
Suppose 0 = 5*k - 4*m - 16, 0*k + 16 = -k - 4*m. Suppose k = 6*r - 1658 + 158. What is the units digit of r?
0
Suppose -3230 - 113800 - 3331 = -37*b. What is the thousands digit of b?
3
Let b(m) = -2*m**3 + 28*m**2 - 31*m + 27. Let r be b(13). What is the tens digit of (-13220)/r + 16/152?
4
Let t(k) = k**3 - 2*k**2 - 3*k - 3. Let y(u) = -11*u + 69. Let x(c) = -4*c + 23. Let q(j) = 17*x(j) - 6*y(j). Let p be q(-14). What is the tens digit of t(p)?
5
Let c(d) = d**3 + 11*d**2 - 13*d - 18. Suppose 3*u + 60 = -2*u. Let y be c(u). What is the tens digit of (1 - 3/y)*50?
7
What is the ten thousands digit of (-6)/((31/10974)/((-136)/9))?
3
Let r be 3/(-2) + (-208)/(-32). Suppose r*d - 2*g = 2660, 2*d = -g - 0*g + 1073. What is the units digit of d?
4
Suppose -59*h = -34*h - 74150. What is the units digit of h?
6
Let t(o) = o**3 + 20*o**2 - 54*o - 40. Suppose 0 = 5*s + 113 - 8. What is the units digit of t(s)?
3
Let j(x) = 43*x**3 + 4*x**2 + 2*x - 1. Let m be j(2). Suppose 0*t = s + 2*t - m, 2*s = 5*t + 726. What is the tens digit of s?
6
What is the units digit of -1084 + 2963 - (1 - (0 - 3))?
5
Let i(k) be the first derivative of k**4/4 - 4*k**3/3 - 9*k**2 + 38*k + 161. What is the tens digit of i(10)?
5
Let f(y) = 111*y + 5. Let q be f(8). Suppose -b - 524 = -o, -158 - q = -2*o + 3*b. What is the tens digit of o?
2
Suppose 1599 = 25*h - 92076. What is the units digit of h?
7
Let u = -150 + 165. Suppose 0 = -2*z + u*z - 4498. What is the hundreds digit of z?
3
Let i = 1363 - -556. Let v = i - 1252. What is the units digit of v?
7
Suppose 2*d - 3*s = 4526 + 4653, -9184 = -2*d + 4*s. What is the units digit of d?
2
Let p(r) be the first derivative of r**2 + 140*r + 14. Let v be p(0). Suppose 4*i - d - v = 3*d, -4*d + 164 = 4*i. What is the units digit of i?
8
What is the hundreds digit of (-12 + 24)*989 + (-5)/5?
8
Let x(g) = 187*g**2 + 4*g - 101. What is the hundreds digit of x(-6)?
6
Let j = 319 - 113. Let x be j/3 - 20/30. Let s = x + -7. What is the tens digit of s?
6
Suppose -40 = 11*s - 16*s. Let r = s + 185. What is the hundreds digit of r?
1
Let m(q) = q**3 + 3*q**2 + q + 14. Let o be m(0). What is the tens digit of (-5 - -32)*2*o?
5
Let g = 33 + -29. Suppose 5*a + 116 = -g. What is the units digit of (a - 13)/(-1*1)?
7
Suppose 29045 + 29152 = 66*a + 11733. What is the tens digit of a?
0
Suppose -6*h - 2*s - 8742 = -8*h, 4*h - 2*s - 17486 = 0. What is the thousands digit of h?
4
Suppose -69*j = -54*j - 30. Suppose -2*o = 5*a - 5151, -j*a + 4*a = 2*o + 2052. What is the units digit of a?
9
Let s be ((-8)/(-6))/((-12)/(-486)). Let q = -57 + s. What is the hundreds digit of 102 + q/((-3)/(-2))?
1
Suppose -3*w = 10*w - 3367. Suppose 0 = 2*j - 1033 + w. What is the hundreds digit of j?
3
Suppose d + 4*x - 6 = 0, 4*d = 4*x - 2*x + 6. Suppose 862 = -d*z + 4*z. What is the units digit of z?
1
Let l(m) = 16*m + 16. Let z be 1 + -13 + (0 - (-1 - 2)). Let r be ((-3)/z)/(2/(-18)) + 9. What is the tens digit of l(r)?
1
Suppose -2*n + 372 = 4*i, 0 = 3*n + 3*i - 211 - 335. Let c = 158 + n. What is the tens digit of c?
3
Let a(i) = 75*i**3 - 2*i**2 + 1. Suppose -13*q = -18*q + 30. Suppose -q + 5 = -r. What is the tens digit of a(r)?
7
Let m(g) = g**2 + 3*g. 